to base 6.
301410
Convert -20a07 (base 12) to base 3.
-2011212121
3423 (base 9) to base 16
9e4
Convert -36602 (base 8) to base 5.
-1000441
What is -211220 (base 3) in base 11?
-512
2102222 (base 3) to base 11
137a
What is 562b (base 12) in base 13?
445a
What is -41006 (base 10) in base 12?
-1b892
Convert 5051 (base 6) to base 16.
457
2022201 (base 3) to base 8
3235
Convert -49 (base 16) to base 15.
-4d
Convert 100001100 (base 2) to base 14.
152
-3336 (base 10) to base 13
-1698
3a63 (base 12) to base 4
1220223
-43040 (base 6) to base 8
-13340
-12022212 (base 3) to base 11
-2a11
Convert -1364 (base 8) to base 3.
-1001000
Convert -121121221 (base 3) to base 10.
-12121
-1224 (base 5) to base 6
-513
Convert 4342 (base 7) to base 9.
2111
-31154 (base 6) to base 9
-5647
Convert -11033000 (base 4) to base 16.
-53c0
What is 121243 (base 6) in base 3?
112122200
-5ac1 (base 14) to base 12
-9209
-67aa (base 12) to base 7
-45355
Convert 1321333 (base 5) to base 3.
1100022022
Convert 1010111111111110 (base 2) to base 8.
127776
What is -1202201 (base 3) in base 9?
-1681
197 (base 16) to base 4
12113
What is 3923 (base 12) in base 15?
1ddc
What is 2bc2 (base 13) in base 9?
8713
-51424 (base 8) to base 12
-10384
Convert -10430 (base 7) to base 12.
-1622
Convert 1c4 (base 16) to base 6.
2032
What is -28 (base 14) in base 12?
-30
Convert 22150 (base 10) to base 3.
1010101101
Convert -8872 (base 12) to base 16.
-3ad6
12001110 (base 3) to base 15
1159
-1b9 (base 12) to base 3
-101120
Convert -213405 (base 6) to base 8.
-42355
-24015 (base 9) to base 12
-9358
1682 (base 10) to base 7
4622
-42b (base 16) to base 15
-4b2
114014 (base 5) to base 14
17a3
Convert 33a6 (base 11) to base 16.
1178
What is 1d71 (base 14) in base 4?
1110033
eb8d (base 15) to base 3
2112101121
Convert -b767 (base 14) to base 6.
-402303
What is -4691 (base 10) in base 8?
-11123
1045253 (base 6) to base 15
10aa0
Convert -100011111010001 (base 2) to base 8.
-43721
What is 13020003 (base 4) in base 12?
14a83
4ab (base 13) to base 8
1461
What is 5caa (base 16) in base 10?
23722
Convert -727 (base 8) to base 5.
-3341
Convert ad1 (base 14) to base 13.
c8b
Convert -1011011 (base 2) to base 8.
-133
What is 11110 (base 4) in base 12?
244
Convert -4947 (base 10) to base 3.
-20210020
-23233 (base 4) to base 7
-2122
What is -1032 (base 9) in base 13?
-464
15552 (base 9) to base 10
10658
Convert -220002100 (base 3) to base 14.
-6583
What is 13106 (base 13) in base 9?
53412
What is -1014 (base 5) in base 10?
-134
-31a3a (base 11) to base 4
-23112223
Convert 13e7 (base 16) to base 15.
179a
-915 (base 10) to base 2
-1110010011
Convert -103322 (base 6) to base 16.
-2162
Convert -14347 (base 9) to base 11.
-7376
Convert 11 (base 16) to base 9.
18
-6253 (base 10) to base 8
-14155
Convert -b3a (base 13) to base 6.
-12500
386 (base 13) to base 4
21221
What is -1110210000 (base 3) in base 13?
-10278
What is -1505 (base 6) in base 8?
-621
122 (base 10) to base 9
145
What is -905 (base 15) in base 8?
-3756
Convert 1102421 (base 5) to base 2.
100101010100111
-111203 (base 4) to base 11
-1044
What is -21454 (base 11) in base 2?
-111100110110100
Convert 1150 (base 6) to base 8.
432
What is -30301 (base 4) in base 13?
-4ab
Convert -1244 (base 7) to base 3.
-122112
Convert -114 (base 15) to base 6.
-1044
What is -102015 (base 6) in base 4?
-2000123
-236 (base 7) to base 11
-104
Convert 808 (base 11) to base 3.
1100011
What is -19 (base 12) in base 9?
-23
Convert 3521 (base 8) to base 12.
1101
Convert 5105 (base 10) to base 12.
2b55
1004332 (base 5) to base 3
211020122
What is 3c (base 16) in base 6?
140
What is 100011111000 (base 2) in base 9?
3131
582 (base 16) to base 12
996
-22515 (base 6) to base 9
-4362
Convert -3313213 (base 4) to base 5.
-1001342
Convert -33147 (base 8) to base 14.
-510b
Convert 1a66 (base 11) to base 3.
10120210
-3294 (base 16) to base 9
-18676
-101100000001001 (base 2) to base 8
-54011
Convert -10211222 (base 3) to base 10.
-2807
-120121 (base 5) to base 11
-3350
Convert 361 (base 9) to base 3.
102001
Convert -798 (base 13) to base 10.
-1308
743 (base 16) to base 8
3503
Convert 4147 (base 12) to base 3.
100202101
Convert -278c (base 13) to base 11.
-4306
-1116 (base 7) to base 5
-3110
What is 4414 (base 5) in base 14?
317
What is 110102 (base 3) in base 5?
2320
-6 (base 11) to base 10
-6
What is -1353 (base 6) in base 15?
-18c
What is 942 (base 16) in base 9?
3223
What is -1018 (base 15) in base 6?
-23422
104115 (base 6) to base 5
234222
23511 (base 10) to base 15
6e76
What is 13511 (base 8) in base 6?
43333
-150b (base 13) to base 16
-bed
Convert 200022 (base 4) to base 3.
2211020
What is -315360 (base 7) in base 9?
-83056
152b0 (base 12) to base 9
44776
Convert -3191 (base 10) to base 6.
-22435
2111 (base 13) to base 4
1013201
What is -2892b (base 12) in base 13?
-1ca0c
-706 (base 9) to base 15
-283
70c5 (base 13) to base 10
15540
-1666 (base 10) to base 13
-9b2
What is -108b2 (base 13) in base 14?
-ad50
What is -120001222 (base 3) in base 6?
-122512
2360 (base 13) to base 9
6742
What is 299 (base 16) in base 3?
220122
Convert -21a (base 14) to base 4.
-12200
Convert 2314 (base 5) to base 7.
655
-1129 (base 11) to base 9
-2027
What is 211210 (base 5) in base 7?
26366
-3026 (base 7) to base 9
-1385
-2575 (base 16) to base 10
-9589
Convert -47b (base 13) to base 14.
-3d8
What is 20134 (base 6) in base 14?
d74
-113 (base 15) to base 12
-183
-4b7 (base 15) to base 14
-568
-15301 (base 12) to base 16
-7471
What is 8750 (base 9) in base 5?
201234
What is 433 (base 9) in base 11?
2a2
What is -374 (base 16) in base 7?
-2402
-403 (base 11) to base 9
-601
What is -588d (base 16) in base 13?
-a41a
What is -41021 (base 5) in base 11?
-1a87
-786 (base 11) to base 4
-32231
32022 (base 4) to base 14
48a
Convert -350 (base 6) to base 3.
-12010
Convert -485 (base 16) to base 7.
-3242
1ba (base 16) to base 14
238
-10200222 (base 3) to base 5
-41244
741 (base 11) to base 16
37c
Convert 1c29 (base 14) to base 8.
12015
What is 6184 (base 12) in base 11?
7a78
Convert 22961 (base 11) to base 14.
c0c4
What is -2015 (base 6) in base 8?
-673
Convert -b2 (base 13) to base 6.
-401
-ff6 (base 16) to base 6
-30530
-1629 (base 10) to base 7
-4515
2124404 (base 5) to base 8
106605
What is 12c2 (base 13) in base 3?
10200202
-21133121 (base 4) to base 10
-38873
689 (base 14) to base 4
110101
Convert 10456 (base 7) to base 4.
221032
Convert 1043510 (base 6) to base 13.
1ac8b
-5140 (base 11) to base 12
-3b44
Convert 12330 (base 7) to base 15.
e70
What is 1002010111 (base 3) in base 15?
645a
What is 3507 (base 8) in base 5?
24423
-7121 (base 13) to base 7
-63260
13444 (base 7) to base 16
e4a
What is 11010011011 (base 2) in base 15?
77b
Convert 26 (base 12) to base 8.
36
1443 (base 7) to base 9
703
-1510 (base 11) to base 6
-13003
57624 (base 8) to base 7
131223
Convert -c8c (base 14) to base 6.
-15244
What is -13334 (base 5) in base 6?
-5022
What is 2f7 (base 16) in base 10?
759
What is -301 (base 11) in base 4?
-11230
What is 5ab (base 13) in base 2?
1111011010
33012 (base 4) to base 6
4250
-15144 (base 7) to base 14
-175b
-1200221 (base 3) to base 6
-5424
What is 102 (base 16) in base 2?
100000010
Convert -1406b (base 12) to base 3.
-1102001002
-21102202 (base 4) to base 12
-1a02a
Convert 147 (base 14) to base 7.
520
Convert -471 (base 16) to base 14.
-5b3
What is 2522 (base 7) in base 10?
947
Convert -b87a (base 12) to base 2.
-100111100011110
3030113 (base 4) to base 15
3d1e
What is 30651 (base 8) in base 12?
7435
What is -2300200 (base 5) in base 4?
-21323203
What is 1384 (base 14) in base 6?
23544
Convert 101031 (base 4) to base 8.
2115
-23514 (base 6) to base 2
-110101100110
Convert -4b06 (base 12) to base 15.
-27bc
What is -2 (base 6) in base 8?
-2
What is dba (base 14) in base 6?
20320
Convert 135326 (base 8) to base 16.
bad6
Convert 1203 (base 4) to base 10.
99
What is -31a5b (base 13) in base 8?
-257056
Convert -233301 (base 5) to base 10.
-8576
1100000021 (base 3) to base 4
12122023
2332020 (base 4) to base 9
17620
What is -dc (base 15) in base 11?
-179
Convert -45 (base 10) to base 8.
-55
What is 1432200 (base 5) in base 9?
45506
-7226 (base 8) to base 11
-2895
What is 32444 (base 6) in base 10?
4492
-20a (base 1